61?
69
What is the greatest common factor of 259 and 56?
7
Calculate the greatest common divisor of 18 and 186.
6
Calculate the highest common divisor of 975 and 78.
39
What is the highest common divisor of 56 and 196?
28
What is the greatest common factor of 21 and 27?
3
What is the highest common factor of 33 and 1254?
33
What is the greatest common divisor of 594 and 264?
66
Calculate the greatest common factor of 441 and 1911.
147
Calculate the highest common divisor of 5 and 30110.
5
Calculate the highest common factor of 34 and 2669.
17
What is the highest common factor of 44 and 7557?
11
Calculate the highest common factor of 78 and 102.
6
What is the greatest common divisor of 100 and 275?
25
Calculate the greatest common divisor of 50 and 14150.
50
What is the greatest common divisor of 555 and 40?
5
What is the highest common divisor of 95 and 228?
19
Calculate the greatest common divisor of 549 and 61.
61
What is the highest common factor of 23 and 1173?
23
Calculate the highest common divisor of 1860 and 248.
124
What is the greatest common divisor of 1196 and 52?
52
Calculate the highest common divisor of 192 and 840.
24
What is the highest common divisor of 30 and 534?
6
What is the greatest common factor of 1245 and 83?
83
What is the highest common divisor of 110 and 638?
22
What is the greatest common factor of 252 and 56?
28
What is the highest common divisor of 1118 and 26?
26
What is the highest common divisor of 80 and 1160?
40
What is the greatest common factor of 288 and 3072?
96
Calculate the highest common factor of 8033 and 1662.
277
Calculate the greatest common factor of 1976 and 40.
8
What is the greatest common divisor of 36 and 1206?
18
What is the greatest common factor of 144 and 112?
16
What is the greatest common divisor of 50 and 1850?
50
What is the greatest common factor of 54 and 53082?
54
What is the greatest common factor of 69 and 115?
23
What is the greatest common divisor of 44 and 4?
4
Calculate the greatest common divisor of 120 and 132.
12
Calculate the highest common divisor of 104 and 507.
13
Calculate the greatest common divisor of 20 and 1220.
20
Calculate the greatest common divisor of 24 and 6.
6
Calculate the highest common factor of 2093 and 91.
91
What is the greatest common divisor of 13 and 20878?
13
What is the highest common divisor of 348 and 20?
4
Calculate the greatest common factor of 2162 and 47.
47
What is the highest common factor of 1917 and 355?
71
Calculate the highest common divisor of 2025 and 40.
5
What is the highest common divisor of 20 and 2140?
20
What is the greatest common divisor of 115 and 15?
5
Calculate the highest common divisor of 90 and 405.
45
Calculate the highest common factor of 16 and 232.
8
What is the greatest common divisor of 10 and 19720?
10
Calculate the greatest common factor of 399 and 84.
21
What is the highest common factor of 578 and 34?
34
What is the highest common factor of 4692 and 324?
12
What is the greatest common factor of 40 and 130?
10
Calculate the greatest common divisor of 35 and 15.
5
What is the highest common divisor of 988 and 52?
52
What is the greatest common factor of 42 and 189?
21
Calculate the highest common factor of 23 and 1472.
23
What is the greatest common divisor of 248 and 8?
8
Calculate the highest common divisor of 580 and 145.
145
What is the greatest common divisor of 2 and 16?
2
What is the greatest common factor of 220 and 770?
110
Calculate the greatest common factor of 1751 and 85.
17
Calculate the greatest common factor of 40 and 2330.
10
Calculate the highest common divisor of 260 and 60.
20
Calculate the greatest common divisor of 4995 and 30.
15
Calculate the greatest common factor of 98 and 112.
14
Calculate the highest common factor of 125 and 400.
25
Calculate the greatest common factor of 7050 and 1833.
141
What is the highest common factor of 231 and 594?
33
Calculate the highest common divisor of 249 and 2573.
83
Calculate the highest common divisor of 15 and 121395.
15
Calculate the greatest common divisor of 570 and 160.
10
What is the highest common factor of 52 and 78?
26
What is the highest common factor of 18 and 2016?
18
What is the greatest common divisor of 1248 and 216?
24
Calculate the greatest common factor of 20 and 84.
4
Calculate the highest common factor of 13 and 6487.
13
What is the greatest common divisor of 424 and 53?
53
What is the highest common factor of 144 and 36?
36
What is the greatest common divisor of 3 and 24?
3
Calculate the highest common divisor of 123 and 9717.
123
Calculate the greatest common factor of 102 and 1938.
102
What is the greatest common factor of 1837 and 501?
167
Calculate the highest common factor of 74 and 12358.
74
Calculate the greatest common divisor of 574 and 10045.
287
Calculate the greatest common factor of 792 and 96.
24
What is the highest common divisor of 10752 and 168?
168
What is the greatest common factor of 402 and 134?
134
What is the greatest common divisor of 354 and 1888?
118
What is the highest common divisor of 4 and 56348?
4
What is the greatest common factor of 41 and 533?
41
What is the highest common divisor of 4531 and 23?
23
Calculate the highest common factor of 841 and 29.
29
Calculate the greatest common factor of 4495 and 3335.
145
What is the greatest common factor of 785 and 4867?
157
What is the greatest common factor of 3980 and 20?
20
What is the highest common factor of 291 and 97?
97
Calculate the highest common factor of 221 and 1807.
13
Calculate the highest common factor of 7 and 7.
7
What is the highest common factor of 625 and 21375?
125
Calculate the greatest common factor of 15318 and 23.
23
What is the highest common divisor of 266 and 3178?
14
Calculate the highest common factor of 87 and 609.
87
Calculate the highest common factor of 3 and 5178.
3
What is the greatest common divisor of 5 and 13?
1
Calculate the highest common divisor of 138 and 3.
3
Calculate the highest common factor of 62 and 124.
62
What is the highest common factor of 32 and 848?
16
Calculate the greatest common divisor of 232 and 640.
8
Calculate the greatest common factor of 12088 and 16.
8
Calculate the greatest common factor of 4380 and 195.
15
Calculate the greatest common divisor of 28 and 399.
7
Calculate the greatest common factor of 32 and 12.
4
What is the highest common factor of 21041 and 106?
53
What is the highest common divisor of 30 and 3390?
30
What is the greatest common factor of 710 and 10?
10
Calculate the greatest common factor of 50 and 64850.
50
Calculate the greatest common divisor of 6 and 1902.
6
Calculate the greatest common factor of 155 and 93.
31
Calculate the greatest common divisor of 711 and 243.
9
What is the highest common divisor of 12 and 948?
12
What is the highest common factor of 12 and 19524?
12
Calculate the highest common factor of 96 and 1488.
48
Calculate the highest common divisor of 122 and 39772.
122
What is the greatest common factor of 342 and 1748?
38
Calculate the greatest common factor of 26 and 7306.
26
Calculate the highest common factor of 99 and 3.
3
Calculate the highest common divisor of 3148 and 8.
4
What is the greatest common factor of 3233 and 1525?
61
What is the highest common factor of 147 and 105?
21
What is the greatest common divisor of 36 and 450?
18
Calculate the greatest common factor of 324 and 135.
27
What is the highest common factor of 4 and 156?
4
Calculate the greatest common divisor of 406 and 58.
58
What is the highest common divisor of 202 and 14?
2
Calculate the greatest common factor of 451 and 704.
11
Calculate the greatest common divisor of 36 and 747.
9
What is the greatest common divisor of 5208 and 24?
24
What is the greatest common divisor of 32 and 32?
32
What is the highest common factor of 63 and 56?
7
Calculate the greatest common factor of 108 and 12.
12
Calculate the greatest common divisor of 10 and 3830.
10
Calculate the highest common factor of 12048 and 48.
48
What is the greatest common factor of 4 and 1924?
4
Calculate the greatest common divisor of 135 and 120.
15
Calculate the highest common divisor of 1332 and 24.
12
What is the highest common divisor of 248 and 1147?
31
Calculate the highest common divisor of 504 and 29